+ 4*k + 40 = 0, 37 = 2*x - 3*k. Let v = x + -44. Calculate the remainder when v/(-7)*35/5 is divided by 16.
14
Let m(i) = 17*i**3 + 3*i**2 - i - 2. Let s(y) = -17*y**3 - 3*y**2 + 2*y + 1. Let l(z) = -3*m(z) - 2*s(z). Calculate the remainder when l(-2) is divided by 19.
16
Suppose 29*m + 1848 = 50*m. Calculate the remainder when 524 is divided by m.
84
Let v(q) = q**3 - 7*q**2 + 6. Let w be v(7). Let k = 11 - w. Suppose -4*s + 8*s = 32. What is the remainder when s is divided by k?
3
Let j be (-190)/(-8) - (-2)/8. Suppose -g = -5*g + j. Suppose 4*l - 32 = -2*k - l, 0 = 5*k - 4*l - 80. What is the remainder when k is divided by g?
4
Let z be 38*(2 + 12 - 0). Let q be 20/110 - z/22. Calculate the remainder when ((-33)/12)/(2/q) is divided by 9.
6
Suppose -y - 5 = -2*s, -2*y + 0*y - 2*s = -14. Suppose y*i + 63 = 6*i. What is the remainder when i is divided by 1/(2 - 23/12)?
9
Let x = 5 - 2. Suppose 0 = -y + x*y + k + 15, -4*y + 2*k = 42. Let a(g) = g**2 + 5*g - 13. Calculate the remainder when a(y) is divided by 13.
10
Let v(k) = k**3 + 14*k**2 + 19*k + 17. Suppose 18 = -r + 6. What is the remainder when v(r) is divided by 20?
17
Let x be 0/((-8)/(-2)) + 5. Suppose -1 + 17 = 4*d, 0 = x*r + 3*d - 7. Calculate the remainder when 10 is divided by r*9/12*-8.
4
Let n be ((-45)/18 - -2)/(1/10). Let b(q) = q + 19. What is the remainder when 53 is divided by b(n)?
11
Suppose 5*h = -5*q + 150, -4*h - 4*q = -2*h - 68. Let g(p) = -9*p + 1 + 17*p - 7*p - 4*p**2 + 8*p**3. Calculate the remainder when g(2) is divided by h.
25
Let i(p) = p**2 - 10*p - 6. Let v be i(11). Suppose -2*z + 44 = -2*t + 8, -4*z - v*t = -63. What is the remainder when z is divided by 5?
2
Suppose 0 = 4*q - 5*w - 74 - 102, 2*q + 4*w = 88. Suppose -q = -3*f + f. Calculate the remainder when 43 is divided by f.
21
Let u(s) = 7*s**2 + 24*s - 24. Calculate the remainder when u(3) is divided by 0 + -2 + 20 + 1.
16
Suppose -o + 6 + 0 = 0. Calculate the remainder when 29/((-7888)/(-19344)) - 6/51 is divided by o.
5
Let w(x) = -4*x + x + 7*x - 12 + 4*x. Let v be w(-8). What is the remainder when 1/((-3 - 1)/v) is divided by 7?
5
Let k be ((-5)/4)/((-1)/4). Suppose 0 = k*j - c + 22, j - 10 = 4*j + c. What is the remainder when 7 is divided by 3*2/(j - -6)?
1
Suppose b - 7 = 8. Suppose j - 5*c = -10, -c = -4*j - 40 - 19. What is the remainder when 18/j*90/(-4) is divided by b?
12
Let c be ((-117)/36)/(1/(-4)). Let j = 24 - c. Let o = 8 + -3. Calculate the remainder when j is divided by o.
1
Let v be 14/6 - 8/24. Suppose 3*i - 42 = 3*y, -v*i + 5*y + 37 = -0*i. Suppose -3 = u - i. What is the remainder when 23 is divided by u?
7
Let r be (12/(-9))/(6/126). What is the remainder when (14/r)/(2/(-320)) is divided by 27?
26
Suppose 66*c + 350 = 101*c. Let h(f) be the first derivative of -f**3/3 - 7*f**2/2 - 6*f + 1. What is the remainder when c is divided by h(-4)?
4
Suppose n - 29 = -5*r, -26 = -5*r + 2*n - 9. Suppose -2*k + 5*m = -35, -m + 34 - 14 = r*k. Let y = k + 1. Calculate the remainder when y is divided by 3.
0
What is the remainder when 36/(-48) + (-7479)/(-36) is divided by ((-3 - -1) + 17)/1?
12
Let i(c) = -c - 6. Let l be i(-10). Suppose l*m - 17 = 87. Calculate the remainder when m is divided by 6 - (-4 + (-3)/(-3)).
8
What is the remainder when 5 - (766/(-18) + (-48)/108) is divided by 16?
0
Let r(m) = -40*m + 1284. Suppose 5*y = -9*j + 4*j + 95, 4*j - 46 = -2*y. What is the remainder when r(31) is divided by y?
14
Let b = 44 + 13. What is the remainder when 112 is divided by b?
55
Suppose 2*f - 9 = -5. Calculate the remainder when 15 is divided by (f - 21/6)*-6.
6
Let s = 118 + -47. Calculate the remainder when s is divided by 20.
11
Let l = 17 + -14. Let s(i) = i + 4. Let g be s(10). Let z = g + -13. Calculate the remainder when l is divided by z.
0
Let g = 0 - -25. Calculate the remainder when 1 + -4 + 6 + g is divided by 8.
4
Suppose -f + 6 = -0*f. Calculate the remainder when (-4)/16 + (-975)/(-60) is divided by f.
4
Let y(f) = 120*f - 332. What is the remainder when y(4) is divided by 31?
24
Suppose -2*n - 19 = -x, -5*x = 4*n - 94 - 29. Calculate the remainder when 1079 is divided by x.
21
Suppose 11 - 49 = -n. What is the remainder when n is divided by (-4)/(-1*2/7)?
10
Suppose -6*q + 26 + 4 = 0. Suppose 5*t = -2*p + 121, 0*t = -q*t - 4*p + 117. What is the remainder when (-3)/9 + (-148)/(-3) is divided by t?
24
Suppose 0 = 2*g + 1 - 15. Let x = g - 8. What is the remainder when ((-24 - 1) + -2)/x is divided by 14?
13
Suppose -5*z - 2*x + 165 = -42, -4*z - 4*x = -156. Calculate the remainder when 84 is divided by z.
41
Calculate the remainder when 136 is divided by (-32)/((-2 - 8) + 8).
8
Let i(n) = n**3 + 9*n**2 - 2*n + 7. Let k = 266 + -235. Calculate the remainder when i(-8) is divided by k.
25
Let n = -223 + 234. Calculate the remainder when 491 is divided by n.
7
Suppose -5*q + 4*a + 0*a + 168 = 0, 195 = 5*q + 5*a. Let x = q + 5. What is the remainder when x is divided by 11?
8
Suppose -7 = -v - 0*v - g, 46 = 4*v - 2*g. What is the remainder when (-2)/13 - 2928/(-104) is divided by v?
8
Suppose -3*v = -3*j + 15, 2*j - v = 1 + 13. Let w be 1 + 0 + (-1391)/(-13). Suppose w - 320 = -4*c. What is the remainder when c is divided by j?
8
Let k(g) = 5*g**2 + g + 7. What is the remainder when 243 is divided by k(-3)?
47
Suppose -10*q + 42 = -7*q. Let n be ((-5)/10)/((-1)/146). Let g = n + -32. What is the remainder when g is divided by q?
13
Suppose 0 = 5*q - 5*t - 25, -2*t = 2*q - 2 - 4. Let x(d) = 10*d**2 + 3. Calculate the remainder when x(3) is divided by 12/(q - (-28)/(-8)).
21
Suppose -2*y + 15 = -5*w, -3 = -w + 2*y - 14. What is the remainder when 2 is divided by (w + 0)*(0 + -2)?
0
Let m = 7 + 0. Suppose -99 + 624 = m*d. Calculate the remainder when d is divided by 22.
9
Let o be 10 + -6 + 2*-2. Suppose 4*n - 12 = -o. Suppose 0*r = 2*r - 18. What is the remainder when r is divided by n?
0
Let l(y) = -3*y + 3. Let c be l(4). Let q be (-2)/(-5) - 632/(-20). Let r = c + q. What is the remainder when 89 is divided by r?
20
Let k = -33 - -141. Let y = 465 - 437. What is the remainder when k is divided by y?
24
Suppose -4*d = -0*d - m - 308, -2*m + 242 = 3*d. What is the remainder when d is divided by 16?
14
Let y = -2 + 0. Let f = y - -3. Let u = 3 + f. What is the remainder when 14 is divided by u?
2
Suppose 0 = 5*t + 3*a - 379 + 33, -3*t = -5*a - 228. Suppose 0 = -0*p + 3*p - 72. What is the remainder when t is divided by p?
23
Suppose u - 12*w = -11*w + 28, 2*w = -2*u + 36. What is the remainder when u is divided by 5?
3
Suppose 2*i - 85 = -3*i. Suppose 4*l - 16 = 0, 2*o = o + 5*l - i. Suppose o*v = -v + 308. Calculate the remainder when v is divided by 20.
17
Suppose j + 101 = 5*a, -a - 9*j + 21 = -10*j. Calculate the remainder when 259 is divided by a.
19
Let w be (22/10)/((-1)/(-5)). Suppose 5*j = -w + 26. Let q = 5 - j. Calculate the remainder when 4 is divided by q.
0
Let z be (-2)/(-3) - (-136)/3. Suppose 221 = 4*a - 5*g, 13*a - 9*a - 214 = -2*g. Suppose v - z = a. What is the remainder when v is divided by 17?
15
Let q(n) = -n**2 + 2*n - 1. Let c be q(2). Let j = -43 - -47. Let k = c + j. Calculate the remainder when 6 is divided by k.
0
Let y(q) = q**2 + 21*q - 5. Let z be y(-21). Let c = z + 41. Calculate the remainder when 141 is divided by c.
33
Suppose 11 = -3*v - 5*f, 4*f + 11 + 2 = -v. Suppose -v*r + 6*r - 24 = 0. Calculate the remainder when 35 is divided by r.
3
Suppose -11*y + 2*q = -9*y - 404, 2*y + 4*q - 434 = 0. What is the remainder when y is divided by 26?
25
Let c be (-3)/6*-2*7. Suppose -2*w + 7 = -c. Suppose -3*h + 9 = 0, 10 = -y + 5*h - 2. Calculate the remainder when w is divided by y.
1
Let n = -23 + 26. Suppose -n*k + 28 - 10 = 0. What is the remainder when 16 is divided by k?
4
Let a = -9 + 13. Suppose 40 = 3*t - 4*q, -5*t - q = q - 110. Suppose -r + 0*r - 44 = -a*d, t = 2*d - r. Calculate the remainder when 35 is divided by d.
11
Calculate the remainder when 19 - 9/(2 + 1) is divided by (-1 + -2)*(-25)/15 - -2.
2
Suppose -5*p = -5*x - 15, 4*x + x - 3*p = -5. Let n be 1/x - (-279)/18. What is the remainder when 11 is divided by (-4)/n + 26/8?
2
Suppose -26*i = 3344 - 11430. Calculate the remainder when i is divided by 12.
11
Let x(t) = -t + 11